n divisor of r and s.
1
Let u be -13 + 16 + 1*3. Calculate the greatest common factor of 54 and u.
6
Let m(b) = 7*b - 2. Let p = 6 + 0. Let h be m(p). Suppose 8*q - 3*q - v - h = 0, 0 = 2*q - 2*v - 24. Calculate the greatest common factor of 1 and q.
1
Let d be 12*(6/3 - 1). Let z = 1 + 1. Let o be (-6)/z*(-22 - -2). What is the highest common factor of o and d?
12
Let j(l) = l**2 - 2. Let m(c) = 9*c - 2. Let p be m(2). Suppose 4*n = 4 - p. Let t be j(n). What is the highest common factor of t and 42?
7
Suppose -4*k = -5*k. Suppose -g - 4*g + 25 = k. What is the greatest common divisor of g and 2?
1
Let o(m) = 34*m + 6. Let l be o(5). What is the greatest common divisor of 16 and l?
16
Let t = 41 - 76. Let h = t - 11. Let r = 88 + h. What is the greatest common factor of r and 6?
6
Let g be ((-12)/2)/(9/(-30)). Calculate the greatest common factor of 20 and g.
20
Let t be 12/6 + 1 + -4. Let j be t + -1*(-549)/(-3). Let d = -104 - j. Calculate the greatest common divisor of 10 and d.
10
Let g be (2 - 95/(-2))/((-3)/(-4)). Calculate the greatest common factor of g and 110.
22
Suppose 2*w - 10 = 0, u = 5*w - 17 - 2. Suppose -u = z + 2*p, 10 = -3*z + 3*p - 7*p. What is the highest common divisor of z and 1?
1
Let j be 1*(-4)/(-3)*3. Suppose -376 = -5*l - j*q, -40 = -2*l - q + 108. Suppose -l = -y - y. Calculate the highest common factor of 54 and y.
18
Let v(r) = 45*r**2 - 4*r + 4. Let b be v(2). What is the greatest common factor of 22 and b?
22
Suppose -7*f + 131 + 121 = 0. Calculate the highest common factor of f and 24.
12
Let b = 32 - 28. What is the highest common factor of b and 12?
4
Let x be (-1044)/(-20) + (-4)/20. Suppose -5*r - 4*g + 66 = -3*g, 4*r + 2*g - 54 = 0. Calculate the highest common divisor of r and x.
13
Let u(l) = 49*l**3 - 3*l + 2. Let s be u(1). Calculate the greatest common factor of 24 and s.
24
Let i(o) = o**2 + 8*o + 44. Let r be i(-14). Suppose -7*j + 64 = -3*j. Calculate the greatest common factor of r and j.
16
Let m be -2 + 1 + 4 + 43. Suppose 0 = -2*y - 3*z + m, 4*z = 3*y + z - 54. Calculate the greatest common divisor of 30 and y.
10
Suppose -8 = -4*t - 0. Let f = -3 + t. Let l be 0 + (f - 6/(-3)). Calculate the greatest common factor of 1 and l.
1
Let r = -24 - -78. Let a = -9 + 8. Let p(l) = 37*l**2 - l - 2. Let o be p(a). What is the greatest common divisor of r and o?
18
Suppose -5*d = -10*d + 325. Calculate the highest common factor of d and 26.
13
Let g be 3 - (2 - 0) - -1. Let s(q) = q**3 + 6*q**2 + q - 6. Suppose 5 + 20 = -5*x. Let b be s(x). What is the highest common divisor of b and g?
2
Let s = -40 - -48. Let z = -38 - -64. Let g = 50 - z. Calculate the greatest common factor of g and s.
8
Suppose 5*q - 88 = 132. Let u be (-8)/(-6)*(q - -1). Calculate the greatest common factor of u and 24.
12
Let y(x) = 2*x + 9. Let b be y(3). What is the greatest common divisor of b and 12?
3
Suppose 4*s = 5*b - 139, 2*b - 52 = -2*s - 0*s. What is the highest common factor of b and 243?
27
Suppose 6*b - 2*b + 12 = 0. Let u be 7*((-24)/b)/1. Suppose -19 = -4*z + 9. What is the highest common divisor of u and z?
7
Let k = -37 + 44. Calculate the greatest common factor of k and 63.
7
Let m = -252 + 363. Let w = -75 + m. Calculate the highest common divisor of w and 9.
9
Suppose k + 3*b - 75 = 0, 2*b + 160 = 3*k - 2*b. Let y be (-4)/6 + k/9. Calculate the highest common divisor of 12 and y.
6
Suppose -4*k = -18 - 30. What is the highest common divisor of k and 108?
12
Suppose 0 = -4*k + 209 - 33. Let d(l) = l**3 + 3*l**2 - 7*l - 1. Let p be d(3). Let z be 4/12*(p + 1). What is the highest common divisor of k and z?
11
Suppose -89 = -5*v + 21. Let r = v + -12. Suppose -11 = -b + r. Calculate the highest common factor of b and 14.
7
Let b = 1 - -1. Suppose -12 = x - 2*x - b*u, 5*x - 42 = -4*u. Calculate the greatest common factor of x and 15.
3
Suppose m - 1 = -6, 2*g + m - 13 = 0. Let f(h) = -h**3 + 10*h**2 - 8*h - 4. Let n be f(g). What is the highest common divisor of n and 2?
1
Let m(g) = -g**2 - 10*g - 3. Let t be m(-8). Let s = -120 - -237. What is the highest common divisor of t and s?
13
Let w be 3*-1 + (-312)/(-4). Calculate the highest common divisor of w and 15.
15
Let m be 16*(-2 + (-87)/(-12)). Suppose -f = -2*f + m. Calculate the greatest common divisor of f and 21.
21
Let r be 27/(-12) + (-1)/(-4). Let a = r - -5. Suppose g + 32 = 3*g - 2*d, 2*d - 68 = -a*g. Calculate the highest common factor of 8 and g.
4
Suppose -i = -23 + 7. What is the highest common factor of i and 112?
16
Let k = -147 + 266. What is the greatest common divisor of 17 and k?
17
Let p(v) = v**2 - 4*v - 7. Let j be p(6). Suppose 0 = -j*i - 44 - 21. Let k = 18 + i. Calculate the highest common factor of 55 and k.
5
Suppose 0 = -o + 4*v + v + 57, 0 = 3*o + 3*v - 81. Calculate the greatest common factor of 8 and o.
8
Let f be 1/5 + (-46)/5. Let t = -4 - f. Suppose 4*z - t*j = 3*z + 29, -z + 4*j + 24 = 0. What is the highest common factor of z and 16?
4
Suppose -2*b = -0*b - 70. Let m = -12 + 23. Suppose -3*h = -2*x - 4 - m, 4*h - 5*x = 20. Calculate the greatest common factor of h and b.
5
Let w = 0 - 3. Let j(h) = -3*h**3 - 3*h**2 + 5*h + 3. Let u be j(w). Calculate the greatest common factor of 6 and u.
6
Let b(v) = -v**2 - 13*v + 28. Let d be b(-14). What is the highest common divisor of d and 21?
7
Let o = -135 - -219. Let x be 70/4*168/35. Suppose 5*h = -c - 2 + 23, -2*h - x = -4*c. What is the greatest common factor of c and o?
21
Suppose 0 = 2*m - 4*u + 2*u - 32, -4*m - u + 74 = 0. What is the greatest common divisor of m and 36?
18
Let f be (6/10)/((-2)/(-30)). What is the highest common factor of 1 and f?
1
Let x be (3/2)/((-12)/(-32)). Suppose -x*t + t = -30. What is the highest common factor of t and 50?
10
Let t be -2*5*(-14 - -12). Calculate the highest common divisor of t and 100.
20
Let b(i) = 2*i**2 + 2*i - 4. Let j be b(2). What is the greatest common divisor of j and 24?
8
Let w be 19/((4/(-2))/(-2)). What is the highest common factor of w and 171?
19
Suppose 6 + 0 = 2*v. Suppose v*p = -5*b + 186, -5*p + p - 64 = -2*b. Calculate the highest common divisor of 12 and b.
12
Suppose -211 = 5*d - 3*m, 2*m + 119 = -2*d - d. Let t be 80/6*(-48)/(-8). Let b = t + d. Calculate the highest common factor of b and 13.
13
Let a(t) = -t + 1. Let d(y) = -2*y - 15. Let n(j) = -5*a(j) + d(j). Let p be n(8). Suppose 17 = z - 3. What is the highest common factor of p and z?
4
Let y(q) = -q**3 + 25*q**2 + 10*q - 54. Let r be y(25). What is the highest common factor of 28 and r?
28
Suppose 4*y + x - 2 = 47, -4*x - 51 = -3*y. Let n(t) = 4*t**2 - 2*t - 6. Let q = 13 + -18. Let f be n(q). What is the highest common divisor of f and y?
13
Let x = 59 + -11. What is the greatest common factor of 48 and x?
48
Suppose 10*d - 22 = 8*d. What is the greatest common divisor of d and 88?
11
Let y(t) = t**2 + 9*t + 4. Let n be y(-9). Let f = 5 - -3. Let p be (f/5)/((-2)/(-35)). What is the greatest common factor of n and p?
4
Suppose -3*g + 1 = -2*g. Let u(b) = b**2 + 1. Let s be u(g). What is the greatest common divisor of 14 and s?
2
Suppose -5*z = -2*a - 3*a + 5, -2*z - 4*a = -10. Let w be (-45)/(-35) - (-4)/(-14). Calculate the greatest common factor of z and w.
1
Let f be (0/1 - 2) + 11. Suppose -2*t - t = 12. Let b = -1 - t. Calculate the greatest common factor of f and b.
3
Let f(b) = 3*b**3 - 2*b + 1. Let i be f(1). Let j be ((-1)/i)/(3/(-270)). What is the highest common factor of j and 18?
9
Suppose 3*i - 88 = -i - 4*j, 0 = -5*i + 5*j + 90. Let v be (-18)/(-4)*40/6. Calculate the highest common divisor of v and i.
10
Let y = 110 - -16. Let p = y - 88. What is the highest common factor of 57 and p?
19
Let i be 45/(-20)*(-4)/3. Calculate the highest common divisor of 27 and i.
3
Let g = 37 + 8. Let r = 19 + -3. Suppose -3*q + r + 83 = -3*s, -4*s - 42 = -q. What is the greatest common factor of q and g?
15
Let u be (70/21)/(2/3). Suppose -9 = g + 4*i, -2 = 2*g + u*i + 1. What is the highest common factor of 22 and g?
11
Let o be (-3)/9 - (-740)/(-12). Let n = -43 - o. Calculate the highest common divisor of 57 and n.
19
Let d = 3 + -1. Let f = 4 - d. Let k(l) = -l**2 - 7*l - 5. Let g be k(-5). Calculate the greatest common divisor of g and f.
1